{"id":14703,"date":"2026-04-16T19:52:55","date_gmt":"2026-04-16T17:52:55","guid":{"rendered":"https:\/\/www.dyma.sk\/aktualna-ponuka\/pflegekraft-bad-neuenahr-aweiler\/"},"modified":"2026-04-16T19:54:34","modified_gmt":"2026-04-16T17:54:34","slug":"pflegekraft-bad-neuenahr-aweiler","status":"publish","type":"pracovne-miesto","link":"https:\/\/www.dyma.sk\/de\/aktualna-ponuka\/pflegekraft-bad-neuenahr-aweiler\/","title":{"rendered":"Pflegekraft Bad Neuenahr &#8211; Aweiler"},"content":{"rendered":"","protected":false},"excerpt":{"rendered":"","protected":false},"featured_media":6514,"template":"","categories":[95],"praca-pre":[97],"class_list":["post-14703","pracovne-miesto","type-pracovne-miesto","status-publish","has-post-thumbnail","hentry","category-deutschland","praca-pre-opatrovatelky"],"meta_box":{"odmena_za_turnus":"87","turnus":"langfristig (2-3 Monate)","cestovne_za_turnus":"200","dlzka_turnusu":"","datum_nastupu":"23\/04\/2026","miesto_prace":"53474 Bad Neuenahr - Aweiler","stat":"Deutschland","typ_spoluprace":"Handel","vek":"67-90","vyska":"","vaha":"","byvanie":"WG Wohnung","pohlavie":"Frau","pohlavie_-_vyber":"Verheiratetes Paar","diagnozy_klienta":["Spazierg\u00e4nger","Die Schw\u00e4che des alten Mannes","Aufrechterhaltung der Hygiene","Trolley","Inkontinenz","Katheter","Soziale Funktion","Diabetes"],"dalsie_informacie_o_klientovi":"<p>Betreuung von 11 Senioren im Alter von 67-90 Jahren mit Demenz in einer Mini-Senioren-WG. Die Pflegekraft wechselt sich mit zwei anderen Pflegekr\u00e4ften im Dienst ab. Eine Woche arbeitet sie von 07:00-14:00 Uhr, die andere Woche hat sie Nachtdienst bis 06:00 Uhr.Die Senioren ben\u00f6tigen Hilfe bei der K\u00f6rperpflege, beim Anziehen, beim Gehen und bei der Toilette, beim Aufstehen, bei der Verabreichung von Nahrung, Insulin, Medikamenten, beim Messen des Blutzuckers, beim Anziehen von Kompressionsstr\u00fcmpfen, beim Einkaufen und beim Kochen.Die Pflegekraft verf\u00fcgt \u00fcber ein eigenes Zimmer mit eigenem Bad und hat die M\u00f6glichkeit, sich frei zu nehmen. Nach Dienstschluss und an Wochenenden nach Vereinbarung.<\/p>\n","samostatne_byvajuca_osoba":"Nein","vek_opatrovatelky":"","znalost_jazyka":"Zwischenstufe","vodicsky_preukaz":"Nein","fajciar":"Ja","internet":"Ja","op_stupen":""},"_links":{"self":[{"href":"https:\/\/www.dyma.sk\/de\/wp-json\/wp\/v2\/pracovne-miesto\/14703","targetHints":{"allow":["GET"]}}],"collection":[{"href":"https:\/\/www.dyma.sk\/de\/wp-json\/wp\/v2\/pracovne-miesto"}],"about":[{"href":"https:\/\/www.dyma.sk\/de\/wp-json\/wp\/v2\/types\/pracovne-miesto"}],"version-history":[{"count":1,"href":"https:\/\/www.dyma.sk\/de\/wp-json\/wp\/v2\/pracovne-miesto\/14703\/revisions"}],"predecessor-version":[{"id":14704,"href":"https:\/\/www.dyma.sk\/de\/wp-json\/wp\/v2\/pracovne-miesto\/14703\/revisions\/14704"}],"wp:featuredmedia":[{"embeddable":true,"href":"https:\/\/www.dyma.sk\/de\/wp-json\/wp\/v2\/media\/6514"}],"wp:attachment":[{"href":"https:\/\/www.dyma.sk\/de\/wp-json\/wp\/v2\/media?parent=14703"}],"wp:term":[{"taxonomy":"category","embeddable":true,"href":"https:\/\/www.dyma.sk\/de\/wp-json\/wp\/v2\/categories?post=14703"},{"taxonomy":"praca-pre","embeddable":true,"href":"https:\/\/www.dyma.sk\/de\/wp-json\/wp\/v2\/praca-pre?post=14703"}],"curies":[{"name":"wp","href":"https:\/\/api.w.org\/{rel}","templated":true}]}}

Spaziergänger

Die Schwäche des alten Mannes

<p>Betreuung von 11 Senioren im Alter von 67-90 Jahren mit Demenz in einer Mini-Senioren-WG. Die Pflegekraft wechselt sich mit zwei anderen Pflegekräften im Dienst ab. Eine Woche arbeitet sie von 07:00-14:00 Uhr, die andere Woche hat sie Nachtdienst bis 06:00 Uhr.Die Senioren benötigen Hilfe bei der Körperpflege, beim Anziehen, beim Gehen und bei der Toilette, beim Aufstehen, bei der Verabreichung von Nahrung, Insulin, Medikamenten, beim Messen des Blutzuckers, beim Anziehen von Kompressionsstrümpfen, beim Einkaufen und beim Kochen.Die Pflegekraft verfügt über ein eigenes Zimmer mit eigenem Bad und hat die Möglichkeit, sich frei zu nehmen. Nach Dienstschluss und an Wochenenden nach Vereinbarung.</p>
